mposite?
False
Suppose 19*r - 25 = 24*r. Let h be (-5)/(-25) + (-2479)/r. Suppose 0 = 2*l - h - 1990. Is l a composite number?
True
Suppose -8*w + 784 + 464 = 0. Is 247/w*45 - 1/4 composite?
False
Suppose -20813 = -p - 3*m + 10578, 5*p - m - 156891 = 0. Is p a composite number?
False
Let w = -6 + 26. Let s be ((-1)/(-2) + 0/(-4))*w. Is (9716/(-6))/(s/(-15)) a composite number?
True
Let q(l) = -72*l - 27. Let i(w) = -71*w - 28. Let b(n) = 4*i(n) - 5*q(n). Is b(8) prime?
True
Let a(c) = c**2 - 17*c - 11. Let t be a(18). Suppose -5 = -5*o, 3*n - 5*o - t = -0*n. Suppose 6*m + n*m = 6910. Is m composite?
False
Suppose -2205*d + 2213*d = 497832. Is d a prime number?
False
Let m(a) = -10*a**2 - 9*a - 38. Let p be m(-9). Let h = p - -1320. Is h prime?
False
Let k be 16/(20/5) + 11/(-1). Let x be k + (-133)/(-49) + 4/14. Is 99/132 - 5593/x a prime number?
True
Let r = -103 - -105. Suppose -r*i = -3*q - 7, i + i - 13 = q. Suppose 2575 + 2809 = i*g. Is g composite?
False
Let g(n) = 7*n**3 - 31*n**2 - 97*n - 72. Let j(q) = -4*q**3 + 15*q**2 + 48*q + 37. Let x(h) = 3*g(h) + 5*j(h). Is x(21) composite?
True
Suppose 3*h + x = 5*x + 3, -x + 6 = -3*h. Let u(c) = -382*c**3 + 2*c**2 - c + 8. Is u(h) composite?
False
Is (-906899)/(-2) - 27/(-18) composite?
False
Let h(y) = 5152*y**2 - 80*y - 37. Is h(-7) a composite number?
False
Let d be (20/(-6) - 0)*(-6)/4. Suppose -5 = x, d*x + 5473 = t + 491. Is t composite?
False
Let x(d) = -1203*d - 61. Let y be (-1)/(2/(-16))*20/(-40). Is x(y) a composite number?
False
Suppose -27 + 31 = 2*g. Is (-5 + g)/(6/(-4)) - -101 prime?
True
Let c = 485 - 211. Let n = -147 + c. Is n prime?
True
Is 172147/(552/(-115) - -5) composite?
True
Let a be (-2451)/(-21) - 2/(-7). Suppose -2*z + a = 11. Is z a prime number?
True
Let v = -18 - -22. Suppose 2*q - 6 = v*o, -1 + 5 = o + 5*q. Is (-5)/((0 + o)/59) a composite number?
True
Let x(s) = -29*s**2 + 21*s + 31. Let u(f) = -29*f**2 + 21*f + 31. Let k(z) = 4*u(z) - 5*x(z). Is k(-8) prime?
True
Let j be (-1304)/(-6) - 2/6. Let g(x) = 7*x**2 + x. Let a be g(-1). Suppose 65 = a*v - j. Is v a composite number?
False
Is (-697984765)/(-3237) + (-2)/39 a prime number?
False
Suppose t - 6 = p - 2*p, 11 = 2*p + 3*t. Suppose 0 = p*n - 19982 - 6212. Is n a prime number?
False
Let v(m) = 1686510*m**2 + 166*m - 169. Is v(1) a prime number?
False
Let f = 32 - 22. Suppose 0 = -f*z + 134 + 26. Suppose -119294 = 2*l - z*l. Is l prime?
True
Let w(c) = -c**2 + 26*c - 45. Let d be w(24). Suppose -7*z - 5*y = -2*z - 25, 3*y + 27 = d*z. Suppose z*f = 4*f + 129. Is f prime?
True
Let w = -2656 + -4297. Let b = 11638 + w. Is b a composite number?
True
Let s(r) = r**2 + 32*r + 55. Let l(d) = 2*d**2 + 63*d + 109. Let f(a) = -3*l(a) + 5*s(a). Let t be f(-27). Suppose t*m - 12131 = -5*m. Is m composite?
False
Suppose 3*h - 5 - 4 = 0. Suppose -h*i + 3868 = 2*r - 1254, 3*r - 7721 = 5*i. Is r prime?
False
Let h be 31 - (2 - (3 + 2)). Let c(t) = -h*t - 25*t + 9 - 13*t - 22*t. Is c(-6) a composite number?
True
Let m be (-2)/7 + (-1454)/7. Let n be 1282 - -2 - (11 + -16). Let o = n + m. Is o composite?
True
Let h(o) = -o**3 - 6*o**2 - 71*o + 131. Is h(-58) composite?
True
Let d be 5793 + 2 - (-4)/2. Is 27/9 - (d + 3)/(-2) prime?
True
Suppose 0 = -3*j + d - 6*d - 5, -2*d - 13 = -j. Suppose j*c - 3*a = -12, 4*c - 2*a = a - 9. Is (4 + c)*(-958)/2*-1 a prime number?
True
Suppose 0 = -7*r + 4*r + 348. Suppose 4*n + r - 729 = -5*k, -n + 2*k = -150. Let y = 171 + n. Is y composite?
True
Is (-3274803)/(-56) + -2 - (-12)/32 a prime number?
True
Let x(y) = 3*y**2 - 33*y - 26. Let g(u) = 2*u**2 + 18*u - 52. Let p be g(3). Is x(p) a prime number?
False
Suppose 645 = 4*q - 0*q - 5*i, 0 = -2*q - 2*i + 300. Let h(y) = -4*y**3 + 10*y**2 + 6*y - 16. Let s be h(4). Let r = s + q. Is r prime?
True
Let p(b) = -b**3 - 21*b**2 - 4. Let g be p(-21). Let m be 2 + g - -5 - -3. Suppose -m*r = -8*r + 1262. Is r prime?
True
Suppose -3*k + 102 = 4*j - 121, -2*j - 71 = -k. Suppose 67*n + 29922 = k*n. Is n composite?
False
Let n = 23 + -4. Suppose n*x = 2*x + 1615. Is x a prime number?
False
Let h = -380 - -385. Suppose -h*o - 2*y - y + 20225 = 0, 0 = 4*o - 4*y - 16180. Is o a prime number?
False
Is 11935754/(-36)*(-24)/16 - 35/420 a composite number?
False
Let p = 459 - 255. Let g = p - 17. Is g prime?
False
Is (-7)/((-56)/(-12)) - 1/(4/(-67882)) composite?
True
Suppose -2*p + 2679 = d + p, 0 = 4*p - 8. Let f = -596 + d. Is f composite?
True
Let h(a) = a**2 - 3*a - 36. Let k be h(25). Let o = k + -219. Is o composite?
True
Let s(z) = 2*z - 17*z - 1 + 246*z**2 + 303*z**2 + 82*z**2. Is s(-3) prime?
False
Let h(t) = 46*t**2 - 12*t + 22. Let r(s) = s**2 - s - 12. Let b be r(5). Let c be h(b). Let d = c - 1189. Is d composite?
True
Suppose -26*a - 540108 = 18*a - 3031784. Is a a prime number?
True
Suppose 0 = i - 3*i + 5*j - 3, -j = 2*i + 21. Let z be 2/(i/(-3)*4/(-10338)). Let q = z + 3258. Is q prime?
False
Let n = -66917 + 547080. Is n a prime number?
False
Suppose 2*m + 140 = 4*a, -21 = -2*a + 5*m + 57. Let z = a - 7. Suppose -6*i = -57 - z. Is i prime?
False
Let o = -16 - -62. Let j = o + -46. Suppose 2*c + 2*s = 1696, j = -c - s - 2*s + 838. Is c prime?
True
Suppose m - 110336 - 149550 = -3*h, 0 = 11*h - 5*m - 952872. Is h a composite number?
False
Is (-24 + 2)/((-17024)/(-8516) - 2) prime?
False
Suppose 0 = 25*p - 30*p + 500. Is (-697535)/(-50) - (-30)/p composite?
True
Let s(f) = 9537*f - 1765. Is s(16) a composite number?
False
Let w = 14641 - 7851. Suppose 0 = 2*x - w + 2426. Is x a prime number?
False
Suppose v + 3*r = 1069, 3*v + r = -0*r + 3223. Let q = v - 573. Is q prime?
False
Let p(y) = 294265*y + 256. Is p(1) a prime number?
False
Let o = 51 + -53. Let g be (-2)/7*(-57195 + o). Suppose 0 = 6*z - g + 1720. Is z a prime number?
True
Is -1 - 1 - 3712103/(-68)*4 prime?
True
Suppose -3*i = 5*u - 3316 - 23947, 5463 = u - 2*i. Suppose 3*f = -5*r + u + 2753, -4*r = -5*f + 13717. Is f a composite number?
False
Let j be -18*((-3)/4)/((-54)/(-48)). Is 96302/8 - (-15)/j prime?
False
Suppose 22*i - 17683668 = -14*i - 0*i. Is i a prime number?
True
Suppose 7171*q = 7149*q + 4147154. Is q a prime number?
False
Suppose 0 = -4*i - 5*k + k + 32, 0 = -5*i + 5*k - 10. Suppose 6*h - 2*h - 2*a + 3392 = 0, 0 = -4*h + i*a - 3390. Let f = 1634 + h. Is f a composite number?
True
Let c(f) = -f - 5. Let b be c(-7). Suppose 3*l + 2*v + 8 = 0, l - b*v - 2*v = 16. Let j(r) = r**2 - 2*r + 517. Is j(l) prime?
False
Let w(q) = 56*q + 132. Let a be w(35). Let l = a + -799. Is l a composite number?
True
Suppose 2161628 = 4*d + 1959*c - 1964*c, -c = 4*d - 2161628. Is d a prime number?
False
Let n = 348134 - 5073. Is n prime?
True
Suppose -i + 117 - 112 = 0. Suppose -i*h + 7403 = 2*f, -7382 = 2*f - 4*f + 2*h. Is f composite?
True
Suppose -5*x = -5*w + 3099805, 2*w - 154*x + 150*x = 1239910. Is w prime?
True
Let i = -773 + 1228. Let k = 1131 + -821. Let n = i - k. Is n a composite number?
True
Let o(h) = 10682*h**2 - 46*h - 94. Is o(-3) prime?
False
Suppose 66 = 11*m, 10*m - 9*m - 143714 = -4*i. Is i prime?
False
Let v = -45072 + 83465. Is v prime?
True
Suppose -s = 2*a - 9, 0 = -5*a + 2*a - 4*s + 26. Is (-3579)/a*46/(-69) composite?
False
Let y = -86 - -94. Suppose -y*o = 2464 - 9288. Is o a composite number?
False
Let w(j) = j**2 - 2. Let c be w(-2). Let u be (2308 - 0) + 1 + (0 - c). Suppose 0*z + u = 3*z. Is z a composite number?
False
Let d(l) = l**2 + l + 3. Let h be d(0). Let q be (((-1)/h)/(-1))/((-12)/(-216)). Let m(s) = 3*s**2 - 8*s + 7. Is m(q) a prime number?
True
Is (1439316/162)/(-3 + (-465)/(-153)) a composite number?
True
Let o be 1 + (-45)/39 + 82/26. Let v be (1/2 + o)*-6. Is v/(-14)*5322/9 prime?
True
Let t = -87859 - -157092. Is t composite?
False
Let g = 62 - 58. Suppose 0 = 4*f + g*f. Suppose f = 3*x - 2004 - 2079. Is x prime?
True
Let b = 58 + -23. Is 199320/21 - 15/b composite?
False
Let d = 20 - 6. Suppose o = 8*o - d. Suppose 0 = -3*z + 15, 2*p + 179 = o*z + 1343. Is p prime?
True
Let b(f) = 44393*f + 808. Is b(5) composite?
False
Suppose -2*x + 5027 = 5*l, 4*l - 738 = -750. Is x a prime number?
True
Suppose 0 = 3*m + 4*t - 77199, m - 3*t - 15532 = 10227. Is m composite?
False
Suppose 4*h = 4*y - 294344, -21*y = -20*y - 3*h - 73576. Is y a composite